{"id":30999,"date":"2026-01-26T11:58:01","date_gmt":"2026-01-26T11:58:01","guid":{"rendered":"https:\/\/confesq.org\/?page_id=30999"},"modified":"2026-01-26T11:58:03","modified_gmt":"2026-01-26T11:58:03","slug":"politica-de-privacidad","status":"publish","type":"page","link":"https:\/\/confesq.org\/?page_id=30999","title":{"rendered":"Pol\u00edtica de privacidad"},"content":{"rendered":"\n<ol class=\"wp-block-list\">\n<li><strong>INFORMACI\u00d3N AL USUARIO<\/strong><br>\u00bfQui\u00e9n es el responsable del tratamiento de tus datos personales?<br>COALICI\u00d3N NACIONAL DE ENTIDADES DE FIBROMIALGIA, S\u00cdNDROME DE FATIGA CR\u00d3NICA \/<br>ENCEFALOMIELITIS MI\u00c1LGICA, SENSIBILIDAD QU\u00cdMICA M\u00daLTIPLE Y ELECTROHIPERS es el<br>RESPONSABLE del tratamiento de los datos personales del USUARIO y le informa de que estos datos ser\u00e1n<br>tratados de conformidad con lo dispuesto en el Reglamento (UE) 2016\/679, de 27 de abril (RGPD), y la Ley<br>Org\u00e1nica 3\/2018, de 5 de diciembre (LOPDGDD).<br><strong>\u00bfPara qu\u00e9 tratamos tus datos personales?<\/strong><br>Para mantener una relaci\u00f3n comercial con el usuario. Las operaciones previstas para realizar el tratamiento<br>son:<br>Remisi\u00f3n de comunicaciones comerciales publicitarias por e-mail, fax, SMS, MMS, redes sociales o<br>cualquier otro medio electr\u00f3nico o f\u00edsico, presente o futuro, que posibilite realizar comunicaciones<br>comerciales. Estas comunicaciones ser\u00e1n realizadas por el RESPONSABLE y estar\u00e1n relacionadas con<br>sus productos y servicios, o de sus colaboradores o proveedores, con los que este haya alcanzado<br>alg\u00fan acuerdo de promoci\u00f3n. En este caso, los terceros nunca tendr\u00e1n acceso a los datos personales.<br>Realizar estudios de mercado y an\u00e1lisis estad\u00edsticos.<br>Tramitar encargos, solicitudes, dar respuesta a las consultas o cualquier tipo de petici\u00f3n que sea<br>realizada por el USUARIO a trav\u00e9s de cualquiera de las formas de contacto que se ponen a su<br>disposici\u00f3n en la p\u00e1gina web del RESPONSABLE.<br>Remitir el bolet\u00edn informativo online, sobre novedades, ofertas y promociones en nuestra actividad.<br>\u00bfPor qu\u00e9 motivo podemos tratar tus datos personales?<br>Porque el tratamiento est\u00e1 legitimado por el art\u00edculo 6 del RGPD de la siguiente forma:<br>Con el consentimiento del USUARIO: remisi\u00f3n de comunicaciones comerciales y del bolet\u00edn informativo.<br>Por inter\u00e9s leg\u00edtimo del RESPONSABLE: realizar estudios de mercado, an\u00e1lisis estad\u00edsticos, etc. y<br>tramitar encargos, solicitudes, etc. a petici\u00f3n del USUARIO.<br>\u00bfDurante cu\u00e1nto tiempo guardaremos tus datos personales?<br>Se conservar\u00e1n durante no m\u00e1s tiempo del necesario para mantener el fin del tratamiento o existan<br>prescripciones legales que dictaminen su custodia y cuando ya no sea necesario para ello, se suprimir\u00e1n con<br>medidas de seguridad adecuadas para garantizar la anonimizaci\u00f3n de los datos o la destrucci\u00f3n total de los<br>mismos.<br><strong>\u00bfA qui\u00e9n facilitamos tus datos personales?<\/strong><br>No est\u00e1 prevista ninguna comunicaci\u00f3n de datos personales a terceros salvo, si fuese necesario para el<br>desarrollo y ejecuci\u00f3n de las finalidades del tratamiento, a nuestros proveedores de servicios relacionados con<br>comunicaciones, con los cuales el RESPONSABLE tiene suscritos los contratos de confidencialidad y de encargado de tratamiento exigidos por la normativa vigente de privacidad. \u00bfCu\u00e1les son tus derechos?<br>Los derechos que asisten al USUARIO son:<br>Derecho a retirar el consentimiento en cualquier momento.<br>Derecho de acceso, rectificaci\u00f3n, portabilidad y supresi\u00f3n de sus datos, y de limitaci\u00f3n u oposici\u00f3n a su<br>tratamiento.<br>Derecho a presentar una reclamaci\u00f3n ante la autoridad de control (www.aepd.es) si considera que el tratamiento<br>no se ajusta a la normativa vigente.<br><strong>Datos de contacto para ejercer sus derechos:<\/strong><br>COALICI\u00d3N NACIONAL DE ENTIDADES DE FIBROMIALGIA, S\u00cdNDROME DE FATIGA CR\u00d3NICA \/<br>ENCEFALOMIELITIS MI\u00c1LGICA, SENSIBILIDAD QU\u00cdMICA M\u00daLTIPLE Y ELECTROHIPERS. C\/Juan<br>Esplandiu, 12 9 E &#8211; 28007 Madrid (Madrid). E-mail: webmaster@confesq.org. Datos de contacto del<br>delegado de protecci\u00f3n de datos: Consulting Normativo, S.L, C\/ Iv\u00e1n Mart\u00ednez 8, 28690, Brunete<br>dpd@consultingnormativo.es<\/li>\n\n\n\n<li><strong>CAR\u00c1CTER OBLIGATORIO O FACULTATIVO DE LA INFORMACI\u00d3N FACILITADA POR EL USUARIO<\/strong><br>Los USUARIOS, mediante la marcaci\u00f3n de las casillas correspondientes y la entrada de datos en los campos,<br>marcados con un asterisco (*) en el formulario de contacto o presentados en formularios de descarga, aceptan<br>expresamente y de forma libre e inequ\u00edvoca, que sus datos son necesarios para atender su petici\u00f3n, por parte<br>del prestador, siendo voluntaria la inclusi\u00f3n de datos en los campos restantes. El USUARIO garantiza que los<br>datos personales facilitados al RESPONSABLE son veraces y se hace responsable de comunicar cualquier<br>modificaci\u00f3n de los mismos.<br>El RESPONSABLE informa de que todos los datos solicitados a trav\u00e9s del sitio web son obligatorios, ya que<br>son necesarios para la prestaci\u00f3n de un servicio \u00f3ptimo al USUARIO. En caso de que no se faciliten todos los<br>datos, no se garantiza que la informaci\u00f3n y servicios facilitados sean completamente ajustados a sus<br>necesidades.<\/li>\n\n\n\n<li><strong>MEDIDAS DE SEGURIDAD<\/strong><br>Que de conformidad con lo dispuesto en las normativas vigentes en protecci\u00f3n de datos personales, el<br>RESPONSABLE est\u00e1 cumpliendo con todas las disposiciones de las normativas RGPD y LOPDGDD para el<br>tratamiento de los datos personales de su responsabilidad, y manifiestamente con los principios descritos en el<br>art\u00edculo 5 del RGPD, por los cuales son tratados de manera l\u00edcita, leal y transparente en relaci\u00f3n con el<br>interesado y adecuados, pertinentes y limitados a lo necesario en relaci\u00f3n con los fines para los que son<br>tratados.<br>El RESPONSABLE garantiza que ha implementado pol\u00edticas t\u00e9cnicas y organizativas apropiadas para aplicar<br>las medidas de seguridad que establecen el RGPD y la LOPDGDD con el fin de proteger los derechos y<br>libertades de los USUARIOS y les ha comunicado la informaci\u00f3n adecuada para que puedan ejercerlos.<br>Para m\u00e1s informaci\u00f3n sobre las garant\u00edas de privacidad, puedes dirigirte al RESPONSABLE a trav\u00e9s de<br>COALICI\u00d3N NACIONAL DE ENTIDADES DE FIBROMIALGIA, S\u00cdNDROME DE FATIGA CR\u00d3NICA \/<br>ENCEFALOMIELITIS MI\u00c1LGICA, SENSIBILIDAD QU\u00cdMICA M\u00daLTIPLE Y ELECTROHIPERS. C\/Juan<br>Esplandiu, 12 9 E &#8211; 28007 Madrid (Madrid). E-mail: webmaster@confesq.org<strong> Datos de contacto del delegado<br>de protecci\u00f3n de datos:<\/strong> Consulting Normativo, S.L, C\/ Iv\u00e1n Mart\u00ednez 8, 28690, Brunete dpd@consultingnormativo.es <\/li>\n<\/ol>\n","protected":false},"excerpt":{"rendered":"","protected":false},"author":2,"featured_media":0,"parent":0,"menu_order":0,"comment_status":"closed","ping_status":"closed","template":"","meta":{"footnotes":""},"class_list":["post-30999","page","type-page","status-publish"],"_links":{"self":[{"href":"https:\/\/confesq.org\/index.php?rest_route=\/wp\/v2\/pages\/30999","targetHints":{"allow":["GET"]}}],"collection":[{"href":"https:\/\/confesq.org\/index.php?rest_route=\/wp\/v2\/pages"}],"about":[{"href":"https:\/\/confesq.org\/index.php?rest_route=\/wp\/v2\/types\/page"}],"author":[{"embeddable":true,"href":"https:\/\/confesq.org\/index.php?rest_route=\/wp\/v2\/users\/2"}],"replies":[{"embeddable":true,"href":"https:\/\/confesq.org\/index.php?rest_route=%2Fwp%2Fv2%2Fcomments&post=30999"}],"version-history":[{"count":1,"href":"https:\/\/confesq.org\/index.php?rest_route=\/wp\/v2\/pages\/30999\/revisions"}],"predecessor-version":[{"id":31002,"href":"https:\/\/confesq.org\/index.php?rest_route=\/wp\/v2\/pages\/30999\/revisions\/31002"}],"wp:attachment":[{"href":"https:\/\/confesq.org\/index.php?rest_route=%2Fwp%2Fv2%2Fmedia&parent=30999"}],"curies":[{"name":"wp","href":"https:\/\/api.w.org\/{rel}","templated":true}]}}

Política de privacidad

<ol class="wp-block-list">
<li><strong>INFORMACIÓN AL USUARIO</strong><br>¿Quién es el responsable del tratamiento de tus datos personales?<br>COALICIÓN NACIONAL DE ENTIDADES DE FIBROMIALGIA, SÍNDROME DE FATIGA CRÓNICA /<br>ENCEFALOMIELITIS MIÁLGICA, SENSIBILIDAD QUÍMICA MÚLTIPLE Y ELECTROHIPERS es el<br>RESPONSABLE del tratamiento de los datos personales del USUARIO y le informa de que estos datos serán<br>tratados de conformidad con lo dispuesto en el Reglamento (UE) 2016/679, de 27 de abril (RGPD), y la Ley<br>Orgánica 3/2018, de 5 de diciembre (LOPDGDD).<br><strong>¿Para qué tratamos tus datos personales?</strong><br>Para mantener una relación comercial con el usuario. Las operaciones previstas para realizar el tratamiento<br>son:<br>Remisión de comunicaciones comerciales publicitarias por e-mail, fax, SMS, MMS, redes sociales o<br>cualquier otro medio electrónico o físico, presente o futuro, que posibilite realizar comunicaciones<br>comerciales. Estas comunicaciones serán realizadas por el RESPONSABLE y estarán relacionadas con<br>sus productos y servicios, o de sus colaboradores o proveedores, con los que este haya alcanzado<br>algún acuerdo de promoción. En este caso, los terceros nunca tendrán acceso a los datos personales.<br>Realizar estudios de mercado y análisis estadísticos.<br>Tramitar encargos, solicitudes, dar respuesta a las consultas o cualquier tipo de petición que sea<br>realizada por el USUARIO a través de cualquiera de las formas de contacto que se ponen a su<br>disposición en la página web del RESPONSABLE.<br>Remitir el boletín informativo online, sobre novedades, ofertas y promociones en nuestra actividad.<br>¿Por qué motivo podemos tratar tus datos personales?<br>Porque el tratamiento está legitimado por el artículo 6 del RGPD de la siguiente forma:<br>Con el consentimiento del USUARIO: remisión de comunicaciones comerciales y del boletín informativo.<br>Por interés legítimo del RESPONSABLE: realizar estudios de mercado, análisis estadísticos, etc. y<br>tramitar encargos, solicitudes, etc. a petición del USUARIO.<br>¿Durante cuánto tiempo guardaremos tus datos personales?<br>Se conservarán durante no más tiempo del necesario para mantener el fin del tratamiento o existan<br>prescripciones legales que dictaminen su custodia y cuando ya no sea necesario para ello, se suprimirán con<br>medidas de seguridad adecuadas para garantizar la anonimización de los datos o la destrucción total de los<br>mismos.<br><strong>¿A quién facilitamos tus datos personales?</strong><br>No está prevista ninguna comunicación de datos personales a terceros salvo, si fuese necesario para el<br>desarrollo y ejecución de las finalidades del tratamiento, a nuestros proveedores de servicios relacionados con<br>comunicaciones, con los cuales el RESPONSABLE tiene suscritos los contratos de confidencialidad y de encargado de tratamiento exigidos por la normativa vigente de privacidad. ¿Cuáles son tus derechos?<br>Los derechos que asisten al USUARIO son:<br>Derecho a retirar el consentimiento en cualquier momento.<br>Derecho de acceso, rectificación, portabilidad y supresión de sus datos, y de limitación u oposición a su<br>tratamiento.<br>Derecho a presentar una reclamación ante la autoridad de control (www.aepd.es) si considera que el tratamiento<br>no se ajusta a la normativa vigente.<br><strong>Datos de contacto para ejercer sus derechos:</strong><br>COALICIÓN NACIONAL DE ENTIDADES DE FIBROMIALGIA, SÍNDROME DE FATIGA CRÓNICA /<br>ENCEFALOMIELITIS MIÁLGICA, SENSIBILIDAD QUÍMICA MÚLTIPLE Y ELECTROHIPERS. C/Juan<br>Esplandiu, 12 9 E &#8211; 28007 Madrid (Madrid). E-mail: webmaster@confesq.org. Datos de contacto del<br>delegado de protección de datos: Consulting Normativo, S.L, C/ Iván Martínez 8, 28690, Brunete<br>dpd@consultingnormativo.es</li>



<li><strong>CARÁCTER OBLIGATORIO O FACULTATIVO DE LA INFORMACIÓN FACILITADA POR EL USUARIO</strong><br>Los USUARIOS, mediante la marcación de las casillas correspondientes y la entrada de datos en los campos,<br>marcados con un asterisco (*) en el formulario de contacto o presentados en formularios de descarga, aceptan<br>expresamente y de forma libre e inequívoca, que sus datos son necesarios para atender su petición, por parte<br>del prestador, siendo voluntaria la inclusión de datos en los campos restantes. El USUARIO garantiza que los<br>datos personales facilitados al RESPONSABLE son veraces y se hace responsable de comunicar cualquier<br>modificación de los mismos.<br>El RESPONSABLE informa de que todos los datos solicitados a través del sitio web son obligatorios, ya que<br>son necesarios para la prestación de un servicio óptimo al USUARIO. En caso de que no se faciliten todos los<br>datos, no se garantiza que la información y servicios facilitados sean completamente ajustados a sus<br>necesidades.</li>



<li><strong>MEDIDAS DE SEGURIDAD</strong><br>Que de conformidad con lo dispuesto en las normativas vigentes en protección de datos personales, el<br>RESPONSABLE está cumpliendo con todas las disposiciones de las normativas RGPD y LOPDGDD para el<br>tratamiento de los datos personales de su responsabilidad, y manifiestamente con los principios descritos en el<br>artículo 5 del RGPD, por los cuales son tratados de manera lícita, leal y transparente en relación con el<br>interesado y adecuados, pertinentes y limitados a lo necesario en relación con los fines para los que son<br>tratados.<br>El RESPONSABLE garantiza que ha implementado políticas técnicas y organizativas apropiadas para aplicar<br>las medidas de seguridad que establecen el RGPD y la LOPDGDD con el fin de proteger los derechos y<br>libertades de los USUARIOS y les ha comunicado la información adecuada para que puedan ejercerlos.<br>Para más información sobre las garantías de privacidad, puedes dirigirte al RESPONSABLE a través de<br>COALICIÓN NACIONAL DE ENTIDADES DE FIBROMIALGIA, SÍNDROME DE FATIGA CRÓNICA /<br>ENCEFALOMIELITIS MIÁLGICA, SENSIBILIDAD QUÍMICA MÚLTIPLE Y ELECTROHIPERS. C/Juan<br>Esplandiu, 12 9 E &#8211; 28007 Madrid (Madrid). E-mail: webmaster@confesq.org<strong> Datos de contacto del delegado<br>de protección de datos:</strong> Consulting Normativo, S.L, C/ Iván Martínez 8, 28690, Brunete dpd@consultingnormativo.es </li>
</ol>
