{"id":29047,"date":"2023-01-09T10:47:39","date_gmt":"2023-01-09T10:47:39","guid":{"rendered":"https:\/\/confesq.org\/?page_id=29047"},"modified":"2025-02-03T11:19:46","modified_gmt":"2025-02-03T11:19:46","slug":"meet-our-team-03-4-5-2-2-copy","status":"publish","type":"page","link":"https:\/\/confesq.org\/?page_id=29047","title":{"rendered":"Subvenciones"},"content":{"rendered":"<div class=\"wpb-content-wrapper\"><p>[vc_row full_width=\u00bbstretch_row_content\u00bb equal_height=\u00bbyes\u00bb css=\u00bb.vc_custom_1673265873377{background-color: #ffffff !important;}\u00bb el_class=\u00bbno-paddings\u00bb][vc_column css=\u00bb.vc_custom_1673265833849{padding-right: 65px !important;padding-left: 100px !important;background-color: #ffffff !important;}\u00bb offset=\u00bbvc_col-lg-12 vc_col-md-1&#8243;][vc_single_image image=\u00bb29050&#8243; img_size=\u00bbfull\u00bb alignment=\u00bbcenter\u00bb][\/vc_column][\/vc_row][vc_row full_width=\u00bbstretch_row_content\u00bb equal_height=\u00bbyes\u00bb el_class=\u00bbno-paddings\u00bb][vc_column css=\u00bb.vc_custom_1530698992229{padding-right: 65px !important;padding-left: 100px !important;background-color: #f0f3f2 !important;}\u00bb offset=\u00bbvc_col-lg-12 vc_col-md-1&#8243;][vc_text_separator title=\u00bbSUBVENCIONES\u00bb color=\u00bbcustom\u00bb css=\u00bb.vc_custom_1673263852162{background-color: rgba(234,234,234,0.02) !important;*background-color: rgb(234,234,234) !important;}\u00bb accent_color=\u00bb#b82551&#8243;]<div class=\"gem-icon-with-text gem-icon-with-text-icon-size-small\" ><div style=\"margin-bottom:0px;margin-top:0px; \" class=\"gem-icon-with-text-icon\"><div class=\"gem-icon gem-icon-pack-elegant gem-icon-size-small  gem-icon-shape-square gem-simple-icon \"  style=\"opacity: 1;\"><div class=\"gem-icon-inner\" style=\"\"><span class=\"gem-icon-half-1\" style=\"color: #b82551;\"><span class=\"back-angle\">&#xe04a;<\/span><\/span><span class=\"gem-icon-half-2\" style=\"color: #b82551;\"><span class=\"back-angle\">&#xe04a;<\/span><\/span><\/div><\/div><\/div><div class=\"gem-icon-with-text-content\" ><div class=\"gem-icon-with-text-text\">[vc_column_text]<\/p>\n<div class=\"styled-subtitle\" style=\"text-align: justify;\">Proyectos subvencionados por el Ministerio de Derechos Sociales y Agenda 2030:<\/div>\n<p>[\/vc_column_text]<\/div><\/div><div class=\"clearboth\"><\/div><\/div>[vc_empty_space height=\u00bb16px\u00bb][vc_column_text]<\/p>\n<div class=\"styled-subtitle\" style=\"text-align: justify;\">101 \/ 2023 \/ PROGRAMA 001 ESTATAL DE GENERACI\u00d3N DECONOCIMIENTO, BUENAS PR\u00c1CTICAS, PROMOCI\u00d3N DE LA SALUD Y LA VIDAINDEPENDIENTE DE LAS PERSONAS CON DISCAPACIDAD\u00a0 2023: <span class=\"TextRun SCXW15320507 BCX0\" lang=\"ES-ES\" xml:lang=\"ES-ES\" data-contrast=\"auto\"><span class=\"NormalTextRun SCXW15320507 BCX0\">6.552,00<\/span><\/span>\u20ac.<\/div>\n<p>[\/vc_column_text][vc_column_text]<\/p>\n<div class=\"styled-subtitle\" style=\"text-align: justify;\">101 \/ 2021 \/ 250 \/ 17 \/ 017. Programa estrat\u00e9gico de fortalecimiento institucional del movimiento asociativo de COCEMFE \/ 06. Promoci\u00f3n del Tejido Asociativo 2022: 22.794,39\u20ac.<\/div>\n<p>[\/vc_column_text][vc_column_text]<\/p>\n<div class=\"styled-subtitle\" style=\"text-align: justify;\">101 \/ 2021 \/ 250 \/ 15 \/ 015. Programa estrat\u00e9gico de investigaci\u00f3n y de generaci\u00f3n del conocimiento en el \u00e1mbito de las personas con discapacidad \/ 04. Red Nacional de Investigaci\u00f3n CONFESQ 2022: 31.151,25\u20ac.<\/div>\n<p>[\/vc_column_text][vc_column_text]<\/p>\n<div class=\"styled-subtitle\" style=\"text-align: justify;\">101 \/ 2022 \/ 135 \/ 15 \/ PROGRAMA 015 ESTRAT\u00c9GICO DE INVESTIGACI\u00d3N Y DE GENERACI\u00d3N DEL CONOCIMIENTO EN EL \u00c1MBITO DE LAS PERSONAS CON DISCAPACIDAD: 14.204,00\u20ac.<\/div>\n<p>[\/vc_column_text][vc_column_text]<\/p>\n<div class=\"styled-subtitle\" style=\"text-align: justify;\">101 \/ 2022 \/ 135 \/ 1 \/ PROGRAMA 001 ESTATAL DE GENERACI\u00d3N DE CONOCIMIENTO, BUENAS PR\u00c1CTICAS, PROMOCI\u00d3N DE LA SALUD Y VIDA INDEPENDIENTE DE LA POBLACI\u00d3N CON DISCAPACIDAD: 12.851,00\u20ac.<\/div>\n<p>[\/vc_column_text][vc_column_text]<img class=\"wp-image-29979 alignright\" src=\"https:\/\/confesq.org\/wp-content\/uploads\/2025\/02\/Logo_COCEMFE_version_basica-1-300x270.jpg\" alt=\"\" width=\"165\" height=\"148\" srcset=\"https:\/\/confesq.org\/wp-content\/uploads\/2025\/02\/Logo_COCEMFE_version_basica-1-300x270.jpg 300w, https:\/\/confesq.org\/wp-content\/uploads\/2025\/02\/Logo_COCEMFE_version_basica-1-800x721.jpg 800w, https:\/\/confesq.org\/wp-content\/uploads\/2025\/02\/Logo_COCEMFE_version_basica-1-1024x923.jpg 1024w, https:\/\/confesq.org\/wp-content\/uploads\/2025\/02\/Logo_COCEMFE_version_basica-1-768x692.jpg 768w, https:\/\/confesq.org\/wp-content\/uploads\/2025\/02\/Logo_COCEMFE_version_basica-1-1536x1385.jpg 1536w, https:\/\/confesq.org\/wp-content\/uploads\/2025\/02\/Logo_COCEMFE_version_basica-1-2048x1847.jpg 2048w\" sizes=\"(max-width: 165px) 100vw, 165px\" \/><img class=\"alignnone wp-image-29975 alignright\" src=\"https:\/\/confesq.org\/wp-content\/uploads\/2025\/02\/MDSCA.Gob-Otros-Fines-300x96.jpg\" alt=\"\" width=\"353\" height=\"113\" srcset=\"https:\/\/confesq.org\/wp-content\/uploads\/2025\/02\/MDSCA.Gob-Otros-Fines-300x96.jpg 300w, https:\/\/confesq.org\/wp-content\/uploads\/2025\/02\/MDSCA.Gob-Otros-Fines-scaled-800x257.jpg 800w, https:\/\/confesq.org\/wp-content\/uploads\/2025\/02\/MDSCA.Gob-Otros-Fines-1024x329.jpg 1024w, https:\/\/confesq.org\/wp-content\/uploads\/2025\/02\/MDSCA.Gob-Otros-Fines-768x247.jpg 768w, https:\/\/confesq.org\/wp-content\/uploads\/2025\/02\/MDSCA.Gob-Otros-Fines-1536x494.jpg 1536w, https:\/\/confesq.org\/wp-content\/uploads\/2025\/02\/MDSCA.Gob-Otros-Fines-2048x659.jpg 2048w\" sizes=\"(max-width: 353px) 100vw, 353px\" \/>[\/vc_column_text][vc_empty_space height=\u00bb20px\u00bb][vc_empty_space height=\u00bb20px\u00bb][vc_empty_space][vc_empty_space]<div class=\"gem-icon-with-text gem-icon-with-text-icon-size-small\" ><div style=\"margin-bottom:0px;margin-top:0px; \" class=\"gem-icon-with-text-icon\"><div class=\"gem-icon gem-icon-pack-elegant gem-icon-size-small  gem-icon-shape-square gem-simple-icon \"  style=\"opacity: 1;\"><div class=\"gem-icon-inner\" style=\"\"><span class=\"gem-icon-half-1\" style=\"color: #b82551;\"><span class=\"back-angle\">&#xe04a;<\/span><\/span><span class=\"gem-icon-half-2\" style=\"color: #b82551;\"><span class=\"back-angle\">&#xe04a;<\/span><\/span><\/div><\/div><\/div><div class=\"gem-icon-with-text-content\" ><div class=\"gem-icon-with-text-text\">[vc_column_text]<\/p>\n<div class=\"styled-subtitle\" style=\"text-align: justify;\">Proyectos subvencionados por la Junta Municipal de Retiro, Ayuntamiento de Madrid:<\/div>\n<p>[\/vc_column_text]<\/div><\/div><div class=\"clearboth\"><\/div><\/div>[vc_column_text]<\/p>\n<div class=\"styled-subtitle\" style=\"text-align: justify;\">CONFESQ: Fomento del asociacionismo AYUNTAMIENTO DE MADRID- DISTRITO RETIRO 2024: 5.200\u20ac.<\/div>\n<p>[\/vc_column_text][vc_column_text]<\/p>\n<div class=\"styled-subtitle\" style=\"text-align: justify;\">CONFESQ: Fomento del asociacionismo AYUNTAMIENTO DE MADRID- DISTRITO RETIRO 2023: 5.000\u20ac.<\/div>\n<p>[\/vc_column_text][vc_column_text]<\/p>\n<div class=\"styled-subtitle\" style=\"text-align: justify;\">CONFESQ: Compartir y Debatir, claves de la participaci\u00f3n ciudadana (2022): 5.000\u20ac.<\/div>\n<p>[\/vc_column_text][vc_column_text]<\/p>\n<div class=\"styled-subtitle\" style=\"text-align: justify;\">Herramientas para pacientes activos (2023): 5.000\u20ac.<\/div>\n<p>[\/vc_column_text][vc_empty_space][vc_empty_space][vc_single_image image=\u00bb29404&#8243; img_size=\u00bbmedium\u00bb alignment=\u00bbright\u00bb][\/vc_column][\/vc_row]<\/p>\n<\/div>","protected":false},"excerpt":{"rendered":"<p>[vc_row full_width=\u00bbstretch_row_content\u00bb equal_height=\u00bbyes\u00bb css=\u00bb.vc_custom_1673265873377{background-color: #ffffff !important;}\u00bb el_class=\u00bbno-paddings\u00bb][vc_column css=\u00bb.vc_custom_1673265833849{padding-right: 65px !important;padding-left: 100px !important;background-color: #ffffff !important;}\u00bb offset=\u00bbvc_col-lg-12 vc_col-md-1&#8243;][vc_single_image image=\u00bb29050&#8243; img_size=\u00bbfull\u00bb alignment=\u00bbcenter\u00bb][\/vc_column][\/vc_row][vc_row full_width=\u00bbstretch_row_content\u00bb&#8230;<\/p>\n","protected":false},"author":2,"featured_media":0,"parent":0,"menu_order":0,"comment_status":"closed","ping_status":"closed","template":"","meta":{"footnotes":""},"class_list":["post-29047","page","type-page","status-publish"],"_links":{"self":[{"href":"https:\/\/confesq.org\/index.php?rest_route=\/wp\/v2\/pages\/29047","targetHints":{"allow":["GET"]}}],"collection":[{"href":"https:\/\/confesq.org\/index.php?rest_route=\/wp\/v2\/pages"}],"about":[{"href":"https:\/\/confesq.org\/index.php?rest_route=\/wp\/v2\/types\/page"}],"author":[{"embeddable":true,"href":"https:\/\/confesq.org\/index.php?rest_route=\/wp\/v2\/users\/2"}],"replies":[{"embeddable":true,"href":"https:\/\/confesq.org\/index.php?rest_route=%2Fwp%2Fv2%2Fcomments&post=29047"}],"version-history":[{"count":16,"href":"https:\/\/confesq.org\/index.php?rest_route=\/wp\/v2\/pages\/29047\/revisions"}],"predecessor-version":[{"id":29981,"href":"https:\/\/confesq.org\/index.php?rest_route=\/wp\/v2\/pages\/29047\/revisions\/29981"}],"wp:attachment":[{"href":"https:\/\/confesq.org\/index.php?rest_route=%2Fwp%2Fv2%2Fmedia&parent=29047"}],"curies":[{"name":"wp","href":"https:\/\/api.w.org\/{rel}","templated":true}]}}