{"id":27394,"date":"2020-10-16T21:01:35","date_gmt":"2020-10-16T21:01:35","guid":{"rendered":"http:\/\/confederacionssc.es\/?page_id=27394"},"modified":"2023-02-27T12:10:06","modified_gmt":"2023-02-27T12:10:06","slug":"documento-revision-guia-inss-encefalomielitis-mialgica-sindrome-de-fatiga-cronica-em-sfc","status":"publish","type":"page","link":"https:\/\/confesq.org\/?page_id=27394","title":{"rendered":"DOCUMENTO REVISI\u00d3N \u00abGUIA INSS\u00bb: ENCEFALOMIELITIS MI\u00c1LGICA \/ S\u00cdNDROME DE FATIGA CR\u00d3NICA (EM\/SFC)"},"content":{"rendered":"<div class=\"wpb-content-wrapper\"><p>[vc_row css=\u00bb.vc_custom_1530698774481{margin-bottom: 0px !important;padding-bottom: 0px !important;}\u00bb el_class=\u00bbno-paddings\u00bb][vc_column][vc_single_image image=\u00bb27374&#8243; img_size=\u00bblarge\u00bb alignment=\u00bbcenter\u00bb][\/vc_column][\/vc_row][vc_row full_width=\u00bbstretch_row_content\u00bb equal_height=\u00bbyes\u00bb css=\u00bb.vc_custom_1602875434863{margin-bottom: 0px !important;padding-bottom: 0px !important;}\u00bb el_class=\u00bbno-paddings\u00bb][vc_column css=\u00bb.vc_custom_1530698992229{padding-right: 65px !important;padding-left: 100px !important;background-color: #f0f3f2 !important;}\u00bb offset=\u00bbvc_col-lg-12 vc_col-md-1&#8243;][vc_empty_space height=\u00bb20px\u00bb][vc_text_separator title=\u00bbDOCUMENTO REVISI\u00d3N \u00abGUIA INSS\u00ab: ENCEFALOMIELITIS MI\u00c1LGINA \/ S\u00cdNDROME DE FATIGA CR\u00d3NICA\u00bb color=\u00bbcustom\u00bb css=\u00bb.vc_custom_1602877382704{background-color: rgba(234,234,234,0.02) !important;*background-color: rgb(234,234,234) !important;}\u00bb accent_color=\u00bb#b82551&#8243;][vc_column_text]<\/p>\n<div class=\"styled-subtitle\" style=\"text-align: justify;\">\n<div class=\"wpb_text_column wpb_content_element \">\n<div class=\"wpb_wrapper\">\n<div class=\"styled-subtitle\">\n<p>El Documento de Revisi\u00f3n de la GUIAS INSS sobre Encefalomielitis Mi\u00e1lgica\/S\u00edndrome de Fatiga Cr\u00f3nica (EM\/SFC) es el resultado del trabajo de\u00a0<strong>CONFESQ<\/strong>, desarrollado por tres de sus entidades: \u201c<strong>DOLFA<\/strong>, Asociaci\u00f3n de ni\u00f1os\/as, adolescentes y j\u00f3venes con FM, EM\/SFC, SQM y EHS\u201d, \u201c<strong>ASSESCA,<\/strong>\u00a0asociaci\u00f3n de enfermos de SSC de Asturias\u201d y \u201c\u00a0<strong>SFC-SQM Castilla la Mancha<\/strong>\u201d, basado en los informes\u00a0emitidos por m\u00e9dicos especialistas (Dra. Eva M\u00aa Mart\u00edn, Dra. Ana M\u00aa Garc\u00eda Quintana, Dr. Juan Carlos Segovia, Dr. Francisco Javier L\u00f3pez-Silvarrey Varela, Dr. Joaqu\u00edn Fern\u00e1ndez Sol\u00e0, Dra. Pilar Mu\u00f1oz Calero y Dra. Mar Rodr\u00edguez Jimena), a petici\u00f3n de CONFESQ, que se recogen en el documento \u201c<em>Informes Emitidos por m\u00e9dicos especialistas sobre la valoraci\u00f3n de la incapacidad laboral en FM, EM\/SFC, SQM y EHS<\/em>\u201d. A todos ellos queremos agradecerles su dedicaci\u00f3n, esfuerzo, y el gran trabajo que han desarrollado.<\/p>\n<p>En este documento se hace un an\u00e1lisis concienzudo y exhaustivo de cada uno de los puntos tratados en la GU\u00cdA, rebatidos amplia y profusamente, bas\u00e1ndose en numerosos estudios y publicaciones de especialistas y entidades de reputaci\u00f3n mundial, mucho m\u00e1s actualizados que los tenidos en cuenta por el INSS. Es una excepcional ayuda para objetivar y valorar la capacidad funcional de estos enfermos, de forma apropiada, y reconocerles sus derechos asistenciales y de prestaciones sociales.<\/p>\n<p>Este documente de revisi\u00f3n\u00a0<strong><u>tiene una gran relevancia, por dos razones<\/u><\/strong>:<\/p>\n<ul>\n<li><strong>Por la situaci\u00f3n especialmente preocupante debido a la clara y estrecha relaci\u00f3n, entre COVID-19 y EM\/SFC<\/strong>,<strong>\u00a0que muestran estudios muy recientes,<\/strong>\u00a0considerando la EM\/SFC como una de las diversas secuelas en pacientes post-COVID, tras superar su fase aguda, como advierte la Open Medicine Foundation, instituci\u00f3n de prestigio internacional, estimando que\u00a0<strong><u>un 50% de pacientes tras SARS o MERS pueden desarrollar EM\/SFC o Fibromialgia<\/u>.<\/strong>\u00a0<u>(<a href=\"https:\/\/www.omf.ngo\/2020\/05\/22\/noticias-de-ultima-hora-estudio-financiado-por-la-omf-covid-19-y-sfc-em\/?lang=es\">https:\/\/www.omf.ngo\/2020\/05\/22\/noticias-de-ultima-hora-estudio-financiado-por-la-omf-covid-19-y-sfc-em\/?lang=es<\/a>).<\/u><\/li>\n<li><strong><u>La\u00a0Resoluci\u00f3n (2020\/2580(RSP) aprobada el 17\/06\/2020 por el Parlamento Europeo,<\/u><\/strong><u>\u00a0<\/u>sobre la financiaci\u00f3n adicional para la investigaci\u00f3n biom\u00e9dica de la Encefalomielitis Mi\u00e1lgica \/ S\u00edndrome de Fatiga Cr\u00f3nica (EM\/SFC), en la que se reconoc\u00eda que la falta de comprensi\u00f3n respecto a esta enfermedad pod\u00eda obstaculizar considerablemente el reconocimiento de la incapacidad laboral, expresaban su preocupaci\u00f3n por la elevada incidencia de la EM\/SFC en la Uni\u00f3n Europea, siendo un problema de Salud P\u00fablica, y ped\u00edan a todos los Estados miembros, adem\u00e1s de una mayor dotaci\u00f3n econ\u00f3mica para su investigaci\u00f3n, ciertas medidas como:\n<ul>\n<li>Garantizar el debido reconocimiento de la enfermedad y la creaci\u00f3n de un registro europeo de prevalencia de los afectados.<\/li>\n<li>Elaborar con car\u00e1cter obligatorio informes completos y detallados que reflejen la recopilaci\u00f3n coordinada y completa de datos sobre la misma.<\/li>\n<li>Ofrecer formaci\u00f3n espec\u00edfica para sensibilizar y garantizar la educaci\u00f3n y formaci\u00f3n de las autoridades p\u00fablicas, los profesionales del \u00e1mbito de la salud y la asistencia social, as\u00ed como de los funcionarios en general.<\/li>\n<li>Poner en marcha campa\u00f1as de informaci\u00f3n y sensibilizaci\u00f3n entre los profesionales sanitarios y la ciudadan\u00eda.<\/li>\n<\/ul>\n<\/li>\n<\/ul>\n<\/div>\n<\/div>\n<\/div>\n<\/div>\n<p>[\/vc_column_text][vc_empty_space height=\u00bb16px\u00bb][vc_column_text]<\/p>\n<div class=\"styled-subtitle\" style=\"text-align: justify;\">Puedes acceder al \u00ab<strong><span style=\"text-decoration: underline;\">Documento de Revisi\u00f3n de la GU\u00cdA INSS: EM\/SFC<\/span><\/strong>\u00bb clicando en la siguiente imagen:<\/div>\n<p>[\/vc_column_text][vc_empty_space height=\u00bb16px\u00bb][vc_empty_space height=\u00bb20px\u00bb][vc_row_inner][vc_column_inner][vc_single_image image=\u00bb27374&#8243; img_size=\u00bbmedium\u00bb alignment=\u00bbcenter\u00bb onclick=\u00bbcustom_link\u00bb img_link_target=\u00bb_blank\u00bb link=\u00bbhttps:\/\/confesq.org\/wp-content\/uploads\/2020\/10\/Contradocumento-SFC-EM-VERSI%C3%93N-COMPLETA-1.pdf\u00bb][\/vc_column_inner][\/vc_row_inner][\/vc_column][\/vc_row]<\/p>\n<\/div>","protected":false},"excerpt":{"rendered":"<p>[vc_row css=\u00bb.vc_custom_1530698774481{margin-bottom: 0px !important;padding-bottom: 0px !important;}\u00bb el_class=\u00bbno-paddings\u00bb][vc_column][vc_single_image image=\u00bb27374&#8243; img_size=\u00bblarge\u00bb alignment=\u00bbcenter\u00bb][\/vc_column][\/vc_row][vc_row full_width=\u00bbstretch_row_content\u00bb equal_height=\u00bbyes\u00bb css=\u00bb.vc_custom_1602875434863{margin-bottom: 0px !important;padding-bottom: 0px !important;}\u00bb el_class=\u00bbno-paddings\u00bb][vc_column css=\u00bb.vc_custom_1530698992229{padding-right: 65px&#8230;<\/p>\n","protected":false},"author":334,"featured_media":0,"parent":0,"menu_order":0,"comment_status":"closed","ping_status":"closed","template":"","meta":{"footnotes":""},"class_list":["post-27394","page","type-page","status-publish"],"_links":{"self":[{"href":"https:\/\/confesq.org\/index.php?rest_route=\/wp\/v2\/pages\/27394","targetHints":{"allow":["GET"]}}],"collection":[{"href":"https:\/\/confesq.org\/index.php?rest_route=\/wp\/v2\/pages"}],"about":[{"href":"https:\/\/confesq.org\/index.php?rest_route=\/wp\/v2\/types\/page"}],"author":[{"embeddable":true,"href":"https:\/\/confesq.org\/index.php?rest_route=\/wp\/v2\/users\/334"}],"replies":[{"embeddable":true,"href":"https:\/\/confesq.org\/index.php?rest_route=%2Fwp%2Fv2%2Fcomments&post=27394"}],"version-history":[{"count":40,"href":"https:\/\/confesq.org\/index.php?rest_route=\/wp\/v2\/pages\/27394\/revisions"}],"predecessor-version":[{"id":29102,"href":"https:\/\/confesq.org\/index.php?rest_route=\/wp\/v2\/pages\/27394\/revisions\/29102"}],"wp:attachment":[{"href":"https:\/\/confesq.org\/index.php?rest_route=%2Fwp%2Fv2%2Fmedia&parent=27394"}],"curies":[{"name":"wp","href":"https:\/\/api.w.org\/{rel}","templated":true}]}}