{"id":25691,"date":"2018-11-23T10:34:18","date_gmt":"2018-11-23T10:34:18","guid":{"rendered":"http:\/\/confederacionssc.es\/?page_id=25691"},"modified":"2018-11-23T10:56:56","modified_gmt":"2018-11-23T10:56:56","slug":"meet-our-team-03-7","status":"publish","type":"page","link":"https:\/\/confesq.org\/?page_id=25691","title":{"rendered":"PAE"},"content":{"rendered":"<div class=\"wpb-content-wrapper\"><p>[vc_row css=\u00bb.vc_custom_1530698774481{margin-bottom: 0px !important;padding-bottom: 0px !important;}\u00bb el_class=\u00bbno-paddings\u00bb][vc_column]\n\t\t\t<!-- START pertenecemos REVOLUTION SLIDER 6.7.38 --><p class=\"rs-p-wp-fix\"><\/p>\n\t\t\t<rs-module-wrap id=\"rev_slider_29_1_wrapper\" data-source=\"gallery\" style=\"visibility:hidden;background:transparent;padding:0;margin:0px auto;margin-top:0;margin-bottom:0;\">\n\t\t\t\t<rs-module id=\"rev_slider_29_1\" style=\"\" data-version=\"6.7.38\">\n\t\t\t\t\t<rs-slides style=\"overflow: hidden; position: absolute;\">\n\t\t\t\t\t\t<rs-slide style=\"position: absolute;\" data-key=\"rs-64\" data-title=\"Slide\" data-anim=\"adpr:false;\" data-in=\"o:0;\" data-out=\"a:false;\">\n\t\t\t\t\t\t\t<img src=\"\/\/confesq.org\/wp-content\/plugins\/revslider\/sr6\/assets\/assets\/dummy.png\" alt=\"\" title=\"1232136 (Demo)\" width=\"1296\" height=\"1124\" class=\"rev-slidebg tp-rs-img rs-lazyload\" data-lazyload=\"\/\/confesq.org\/wp-content\/uploads\/2016\/02\/6-5.jpg\" data-no-retina>\n<!--\n\t\t\t\t\t\t\t--><rs-layer\n\t\t\t\t\t\t\t\tid=\"slider-29-slide-64-layer-1\" \n\t\t\t\t\t\t\t\tdata-type=\"text\"\n\t\t\t\t\t\t\t\tdata-color=\"#000000\"\n\t\t\t\t\t\t\t\tdata-rsp_ch=\"on\"\n\t\t\t\t\t\t\t\tdata-xy=\"x:c;y:c;\"\n\t\t\t\t\t\t\t\tdata-text=\"s:50;l:22;fw:700;a:inherit;\"\n\t\t\t\t\t\t\t\tdata-frame_0=\"o:1;\"\n\t\t\t\t\t\t\t\tdata-frame_0_chars=\"d:10;x:-50px;o:0;\"\n\t\t\t\t\t\t\t\tdata-frame_1=\"e:power4.inOut;sp:2000;\"\n\t\t\t\t\t\t\t\tdata-frame_1_chars=\"d:10;\"\n\t\t\t\t\t\t\t\tdata-frame_999=\"o:0;st:w;sR:4300;\"\n\t\t\t\t\t\t\t\tstyle=\"z-index:5;font-family:'Open Sans';\"\n\t\t\t\t\t\t\t>ENTIDADES A LAS QUE PERTENECEMOS \n\t\t\t\t\t\t\t<\/rs-layer><!--\n-->\t\t\t\t\t<\/rs-slide>\n\t\t\t\t\t<\/rs-slides>\n\t\t\t\t<\/rs-module>\n\t\t\t\t<script>\n\t\t\t\t\tsetREVStartSize({c: 'rev_slider_29_1',rl:[1240,1024,778,480],el:[868],gw:[1240],gh:[868],type:'standard',justify:'',layout:'fullwidth',mh:\"0\"});if (window.RS_MODULES!==undefined && window.RS_MODULES.modules!==undefined && window.RS_MODULES.modules[\"revslider291\"]!==undefined) {window.RS_MODULES.modules[\"revslider291\"].once = false;window.revapi29 = undefined;if (window.RS_MODULES.checkMinimal!==undefined) window.RS_MODULES.checkMinimal()}\n\t\t\t\t<\/script>\n\t\t\t<\/rs-module-wrap>\n\t\t\t<!-- END REVOLUTION SLIDER -->\n[\/vc_column][\/vc_row][vc_row full_width=\u00bbstretch_row_content\u00bb equal_height=\u00bbyes\u00bb css=\u00bb.vc_custom_1468838183811{margin-bottom: 0px !important;padding-bottom: 0px !important;}\u00bb el_class=\u00bbno-paddings\u00bb][vc_column css=\u00bb.vc_custom_1530698992229{padding-right: 65px !important;padding-left: 100px !important;background-color: #f0f3f2 !important;}\u00bb offset=\u00bbvc_col-lg-12 vc_col-md-1&#8243;][vc_tta_tabs][vc_tta_section title=\u00bbPAE, PAIN ALLIANCE EUROPEAN\u00bb tab_id=\u00bb1530702666631-0b7c0740-64a4&#8243;][vc_single_image image=\u00bb24877&#8243; img_size=\u00bbfull\u00bb alignment=\u00bbcenter\u00bb onclick=\u00bbcustom_link\u00bb img_link_target=\u00bb_blank\u00bb link=\u00bbhttp:\/\/www.pae-eu.eu\/\u00bb][vc_column_text]La <a href=\"http:\/\/www.pae-eu.eu\/\" target=\"_blank\" rel=\"noopener\">Alianza para el Dolor Cr\u00f3nico<\/a> est\u00e1 formada por entidades de distintos pa\u00edses de Europa y de patolog\u00edas que cursan con dolor cr\u00f3nico no oncol\u00f3gico.<\/p>\n<p>Se trabaja por el reconocimiento y consideraci\u00f3n del dolor cr\u00f3nico como patolog\u00eda propia, de la que deriven determinadas actuaciones y reconocimientos, independientemente de que patolog\u00eda sea la que produzca el dolor.<\/p>\n<p>Tiene la sede en Bruselas y realiza actividades conjuntas con los europarlamentarios, para intentar modificar las leyes a nivel europeo.<\/p>\n<p>Tiene grupos de trabajo constituidos, y uno de ellos es Brain, Pain and Mind en el que participan europarlamentarios, profesionales de la salud y representantes de las entidades miembro de la PAE.<\/p>\n<p>Una de las campa\u00f1as llevada a cabo ha sido la de \u201cRed Balloon\u201d con la que se intenta conseguir un mill\u00f3n de fotograf\u00edas subidas a la red de personas que padezcan de dolor cr\u00f3nico, con uno o mas globos rojos, que son los que visualizan el dolor.<\/p>\n<p>Tambi\u00e9n se ha celebrado el SIP 2016, Simposio sobre el Impacto del dolor en Bruselas.[\/vc_column_text][\/vc_tta_section][\/vc_tta_tabs]<div class=\"clearboth\"><\/div><style>#thegem-divider-69f17323dd3ce {margin-top: 52px !important;}<\/style><div id=\"thegem-divider-69f17323dd3ce\" class=\"gem-divider  \" style=\"\" ><\/div><div class=\"clearboth\"><\/div><style>#thegem-divider-69f17323dd3f2 {margin-top: 52px !important;}<\/style><div id=\"thegem-divider-69f17323dd3f2\" class=\"gem-divider  \" style=\"\" ><\/div>[\/vc_column][\/vc_row]<\/p>\n<\/div>","protected":false},"excerpt":{"rendered":"<p>[vc_row css=\u00bb.vc_custom_1530698774481{margin-bottom: 0px !important;padding-bottom: 0px !important;}\u00bb el_class=\u00bbno-paddings\u00bb][vc_column][\/vc_column][\/vc_row][vc_row full_width=\u00bbstretch_row_content\u00bb equal_height=\u00bbyes\u00bb css=\u00bb.vc_custom_1468838183811{margin-bottom: 0px !important;padding-bottom: 0px !important;}\u00bb el_class=\u00bbno-paddings\u00bb][vc_column css=\u00bb.vc_custom_1530698992229{padding-right: 65px !important;padding-left: 100px !important;background-color:&#8230;<\/p>\n","protected":false},"author":2,"featured_media":0,"parent":0,"menu_order":0,"comment_status":"closed","ping_status":"closed","template":"","meta":{"footnotes":""},"class_list":["post-25691","page","type-page","status-publish"],"_links":{"self":[{"href":"https:\/\/confesq.org\/index.php?rest_route=\/wp\/v2\/pages\/25691","targetHints":{"allow":["GET"]}}],"collection":[{"href":"https:\/\/confesq.org\/index.php?rest_route=\/wp\/v2\/pages"}],"about":[{"href":"https:\/\/confesq.org\/index.php?rest_route=\/wp\/v2\/types\/page"}],"author":[{"embeddable":true,"href":"https:\/\/confesq.org\/index.php?rest_route=\/wp\/v2\/users\/2"}],"replies":[{"embeddable":true,"href":"https:\/\/confesq.org\/index.php?rest_route=%2Fwp%2Fv2%2Fcomments&post=25691"}],"version-history":[{"count":2,"href":"https:\/\/confesq.org\/index.php?rest_route=\/wp\/v2\/pages\/25691\/revisions"}],"predecessor-version":[{"id":25693,"href":"https:\/\/confesq.org\/index.php?rest_route=\/wp\/v2\/pages\/25691\/revisions\/25693"}],"wp:attachment":[{"href":"https:\/\/confesq.org\/index.php?rest_route=%2Fwp%2Fv2%2Fmedia&parent=25691"}],"curies":[{"name":"wp","href":"https:\/\/api.w.org\/{rel}","templated":true}]}}

<div class="wpb-content-wrapper"><p>[vc_row css=».vc_custom_1530698774481{margin-bottom: 0px !important;padding-bottom: 0px !important;}» el_class=»no-paddings»][vc_column]
			<!-- START pertenecemos REVOLUTION SLIDER 6.7.38 --><p class="rs-p-wp-fix"></p>
			<rs-module-wrap id="rev_slider_29_1_wrapper" data-source="gallery" style="visibility:hidden;background:transparent;padding:0;margin:0px auto;margin-top:0;margin-bottom:0;">
				<rs-module id="rev_slider_29_1" style="" data-version="6.7.38">
					<rs-slides style="overflow: hidden; position: absolute;">
						<rs-slide style="position: absolute;" data-key="rs-64" data-title="Slide" data-anim="adpr:false;" data-in="o:0;" data-out="a:false;">
							<img src="//confesq.org/wp-content/plugins/revslider/sr6/assets/assets/dummy.png" alt="" title="1232136 (Demo)" width="1296" height="1124" class="rev-slidebg tp-rs-img rs-lazyload" data-lazyload="//confesq.org/wp-content/uploads/2016/02/6-5.jpg" data-no-retina>
<!--
							--><rs-layer
								id="slider-29-slide-64-layer-1" 
								data-type="text"
								data-color="#000000"
								data-rsp_ch="on"
								data-xy="x:c;y:c;"
								data-text="s:50;l:22;fw:700;a:inherit;"
								data-frame_0="o:1;"
								data-frame_0_chars="d:10;x:-50px;o:0;"
								data-frame_1="e:power4.inOut;sp:2000;"
								data-frame_1_chars="d:10;"
								data-frame_999="o:0;st:w;sR:4300;"
								style="z-index:5;font-family:'Open Sans';"
							>ENTIDADES A LAS QUE PERTENECEMOS 
							</rs-layer><!--
-->					</rs-slide>
					</rs-slides>
				</rs-module>
				<script>
					setREVStartSize({c: 'rev_slider_29_1',rl:[1240,1024,778,480],el:[868],gw:[1240],gh:[868],type:'standard',justify:'',layout:'fullwidth',mh:"0"});if (window.RS_MODULES!==undefined && window.RS_MODULES.modules!==undefined && window.RS_MODULES.modules["revslider291"]!==undefined) {window.RS_MODULES.modules["revslider291"].once = false;window.revapi29 = undefined;if (window.RS_MODULES.checkMinimal!==undefined) window.RS_MODULES.checkMinimal()}
				</script>
			</rs-module-wrap>
			<!-- END REVOLUTION SLIDER -->
[/vc_column][/vc_row][vc_row full_width=»stretch_row_content» equal_height=»yes» css=».vc_custom_1468838183811{margin-bottom: 0px !important;padding-bottom: 0px !important;}» el_class=»no-paddings»][vc_column css=».vc_custom_1530698992229{padding-right: 65px !important;padding-left: 100px !important;background-color: #f0f3f2 !important;}» offset=»vc_col-lg-12 vc_col-md-1&#8243;][vc_tta_tabs][vc_tta_section title=»PAE, PAIN ALLIANCE EUROPEAN» tab_id=»1530702666631-0b7c0740-64a4&#8243;][vc_single_image image=»24877&#8243; img_size=»full» alignment=»center» onclick=»custom_link» img_link_target=»_blank» link=»http://www.pae-eu.eu/»][vc_column_text]La <a href="http://www.pae-eu.eu/" target="_blank" rel="noopener">Alianza para el Dolor Crónico</a> está formada por entidades de distintos países de Europa y de patologías que cursan con dolor crónico no oncológico.</p>
<p>Se trabaja por el reconocimiento y consideración del dolor crónico como patología propia, de la que deriven determinadas actuaciones y reconocimientos, independientemente de que patología sea la que produzca el dolor.</p>
<p>Tiene la sede en Bruselas y realiza actividades conjuntas con los europarlamentarios, para intentar modificar las leyes a nivel europeo.</p>
<p>Tiene grupos de trabajo constituidos, y uno de ellos es Brain, Pain and Mind en el que participan europarlamentarios, profesionales de la salud y representantes de las entidades miembro de la PAE.</p>
<p>Una de las campañas llevada a cabo ha sido la de “Red Balloon” con la que se intenta conseguir un millón de fotografías subidas a la red de personas que padezcan de dolor crónico, con uno o mas globos rojos, que son los que visualizan el dolor.</p>
<p>También se ha celebrado el SIP 2016, Simposio sobre el Impacto del dolor en Bruselas.[/vc_column_text][/vc_tta_section][/vc_tta_tabs]<div class="clearboth"></div><style>#thegem-divider-69f17323dd3ce {margin-top: 52px !important;}</style><div id="thegem-divider-69f17323dd3ce" class="gem-divider  " style="" ></div><div class="clearboth"></div><style>#thegem-divider-69f17323dd3f2 {margin-top: 52px !important;}</style><div id="thegem-divider-69f17323dd3f2" class="gem-divider  " style="" ></div>[/vc_column][/vc_row]</p>
</div>
