{"id":25263,"date":"2018-07-25T16:10:01","date_gmt":"2018-07-25T16:10:01","guid":{"rendered":"http:\/\/confederacionssc.es\/?page_id=25263"},"modified":"2019-01-21T20:08:39","modified_gmt":"2019-01-21T20:08:39","slug":"meet-our-team-02-2","status":"publish","type":"page","link":"https:\/\/confesq.org\/?page_id=25263","title":{"rendered":"I Jornada #LaConfeSeMueve"},"content":{"rendered":"<div class=\"wpb-content-wrapper\"><p>[vc_row][vc_column]<div id=\"fullwidth-block-69efe715eba14\" class=\"fullwidth-block clearfix\"  style=\"height: 100vh\"><script type=\"text\/javascript\">if (typeof(gem_fix_fullwidth_position) == \"function\") { gem_fix_fullwidth_position(document.getElementById(\"fullwidth-block-69efe715eba14\")); }<\/script><div class=\"fullwidth-block-background\" style=\"background-image: url(https:\/\/confesq.org\/wp-content\/uploads\/2018\/10\/Portada-y-Contraportada-con-logos-suavizado-1.jpg);background-repeat: no-repeat; background-size: contain;background-position: center top;\"><\/div><div class=\"fullwidth-block-inner\"><\/div><\/div>[vc_empty_space height=\u00bb45px\u00bb][vc_column_text]<\/p>\n<h2 style=\"text-align: center;\"><span style=\"color: #b82551;\">I JORNADA #LaConfeSeMueve<\/span><\/h2>\n<h3 style=\"text-align: center;\"><span style=\"color: #b82551;\">29 septiembre 2018<\/span><\/h3>\n<p>El pasado 29 de septiembre de 2018 se celebr\u00f3 la I Jornada de\u00a0<i>#LaConfeSeMueve,<\/i>\u00a0que tuvo lugar en en el Complejo Deportivo y Cultural de la ONCE (P\u00ba de la Habana 208) de Madrid a partir de las 9:30 de la ma\u00f1ana.<\/p>\n<p>Consist\u00eda en un evento dirigido a equipos directivos y t\u00e9cnicos de asociaciones de pacientes con Fibromialgia (FM), S\u00edndrome de Fatiga Cr\u00f3nica\/Encefalomielitis Mi\u00e1lgica (SFC\/EHS), Sensibilidad Qu\u00edmica M\u00faltiple (SQM) y Electrohipersensibilidad (EHS).<\/p>\n<p>Durante la Jornada se abordaron temas sanitarios, as\u00ed como herramientas para la gesti\u00f3n asociativa y la consecuci\u00f3n de los objetivos que perseguimos como colectivo.<\/p>\n<p>Puede leerse el contenido de la Jornada a continuaci\u00f3n.<\/p>\n<h2 style=\"text-align: center;\">PROGRAMA<\/h2>\n<div class=\"styled-subtitle\" style=\"text-align: center;\"><span style=\"color: #800000;\"><strong>\u00a1NUEVO! WEBINAR ASISTENCIA ONLINE<\/strong><\/span><\/div>\n<p><span style=\"color: #800080;\"><strong>Viernes 28 de septiembre<\/strong><\/span><\/p>\n<p><span style=\"color: #b82551;\"><span style=\"color: #333333;\"><strong>21:00h.<\/strong>\u00a0<\/span><strong><em>Cena de confraternizaci\u00f3n<\/em><\/strong><\/span><em> (reserva previa a trav\u00e9s de Nautalia)<\/em><\/p>\n<p><span style=\"color: #800080;\"><strong>S\u00e1bado 29 de septiembre<\/strong><\/span><\/p>\n<p><span style=\"color: #b82551;\"><strong><span style=\"color: #333333;\">09:30h.<\/span> Recogida de acreditaciones<\/strong><\/span><\/p>\n<p><span style=\"color: #b82551;\"><strong><span style=\"color: #333333;\">10:00h.<\/span> Inauguraci\u00f3n de la Jornada<\/strong><\/span><\/p>\n<ul>\n<li>Carlota Merch\u00e1n.\u00a0\u00a0Diputada por Madrid. Adjunta en Derechos a la Infancia. Vocal adscrita a la Comisi\u00f3n de Sanidad.<\/li>\n<li>M\u00aa Jos\u00e9 F\u00e9lix, Presidenta de la Confederaci\u00f3n.<\/li>\n<\/ul>\n<p><span style=\"color: #b82551;\"><strong><span style=\"color: #333333;\">10:30h.<\/span> Conferencia. Fibromialgia, SFC\/EM, SQM y EHS: situaci\u00f3n actual<\/strong><\/span><\/p>\n<ul>\n<li>Dra Ana M\u00aa Garc\u00eda Quintana. M\u00e9dico Internista. Directora de la <a href=\"https:\/\/www.sfcfibromialgia.com\/\" target=\"_blank\" rel=\"noopener\">Unidad de S\u00edndrome de Fatiga Cr\u00f3nica y Fibromialgia<\/a> de La Paloma en Madrid y MC Mutual en Barcelona.<\/li>\n<li>Dra. Pilar Mu\u00f1oz-Calero. Presidenta de la <a href=\"http:\/\/www.fundacion-alborada.org\/\" target=\"_blank\" rel=\"noopener\">Fundaci\u00f3n Alborada<\/a>. Codirectora de la C\u00e1tedra Patolog\u00eda y Medio Ambiente de la Universidad Complutense de Madrid.<\/li>\n<\/ul>\n<p><span style=\"color: #b82551;\"><span style=\"color: #333333;\"><strong>11:30h<\/strong>.<\/span>\u00a0<strong>Mesa de Expertos. La Confederaci\u00f3n en otras Organizaciones de Pacientes.<\/strong><\/span><\/p>\n<ul>\n<li>Carina Escobar.\u00a0<a href=\"http:\/\/www.plataformadepacientes.org\/\" target=\"_blank\" rel=\"noopener\">Plataforma de Organizaciones de Pacientes<\/a> (POP).<\/li>\n<li>Daniel-An\u00edbal Garc\u00eda. Secretario de Organizaci\u00f3n de <a href=\"http:\/\/www.cocemfe.es\/portal\/index.php\/89-inicio\/398-secretaria-de-organizacion-d-daniel-anibal-garcia-diego\" target=\"_blank\" rel=\"noopener\">COCEMFE Nacional.<\/a><\/li>\n<li>Antonio Camacho. Coordinador del \u00c1rea Internacional de CONFESEQ (<a href=\"https:\/\/www.pae-eu.eu\/\" target=\"_blank\" rel=\"noopener\">Pain Alliance Europe-PAE<\/a>, <a href=\"http:\/\/enfa-europe.eu\/\" target=\"_blank\" rel=\"noopener\">ENFA<\/a> y <a href=\"https:\/\/pec.sinedolore.org\/es\/inicio\" target=\"_blank\" rel=\"noopener\">PAIN EURO-MEDITERRANEAN COALLITION<\/a>).<\/li>\n<\/ul>\n<p><span style=\"color: #b82551;\"><strong><span style=\"color: #333333;\">12:30h.<\/span> <em>Descanso: zumos y snacks<\/em><\/strong><\/span><\/p>\n<p><span style=\"color: #b82551;\"><strong><span style=\"color: #333333;\">13:00h.<\/span> Talleres<\/strong><\/span>\u00a0(elegir uno)<\/p>\n<ol>\n<li><strong>C\u00f3mo trabajar con las administraciones p\u00fablicas<\/strong>.<\/li>\n<\/ol>\n<ul>\n<li>\u00c1lvaro Lavandeira. Doctor en Derecho Sanitario y Presidente de <a href=\"https:\/\/www.ifsasalud.com\/\" target=\"_blank\" rel=\"noopener\">IFSA Salud.<\/a><\/li>\n<\/ul>\n<ol>\n<li><strong>La formaci\u00f3n del Paciente Experto<\/strong><\/li>\n<\/ol>\n<ul>\n<li>David Trigos. Representante de <a href=\"https:\/\/www.eupati.eu\/es\/\" target=\"_blank\" rel=\"noopener\">EUPATI.<\/a><\/li>\n<\/ul>\n<p><span style=\"color: #b82551;\"><strong><span style=\"color: #333333;\">14:30h.<\/span>\u00a0<em>Comida <\/em><\/strong><\/span><em>(no incluido: reserva previa a trav\u00e9s de Nautalia)<\/em><\/p>\n<p><span style=\"color: #b82551;\"><span style=\"color: #333333;\"><strong>16:30h.<\/strong><\/span>\u00a0 <\/span><strong><span style=\"color: #b82551;\">Talleres<\/span> <\/strong>(elegir uno)<\/p>\n<ol>\n<li><strong>Recursos para orientar a personas con SQM y EHS<\/strong>.<\/li>\n<\/ol>\n<ul>\n<li>Elena Mart\u00ednez-Esparza. Educadora Social de <a href=\"https:\/\/www.facebook.com\/affac.fibroibizaformentera\/\" target=\"_blank\" rel=\"noopener\">AFFARES Ibiza-Formentera.<\/a><\/li>\n<li>Cristina Cortiguera. Trabajadora Social de <a href=\"https:\/\/www.sfcsqm.com\/\" target=\"_blank\" rel=\"noopener\">SFC-SQM Madrid.<\/a><\/li>\n<\/ul>\n<ol>\n<li><strong>Redes sociales y asociaciones para la salud <\/strong><\/li>\n<\/ol>\n<ul>\n<li>Fernando Rubio. Profesor de <a href=\"https:\/\/aulacm.com\/\" target=\"_blank\" rel=\"noopener\">Aula CM.<\/a><\/li>\n<\/ul>\n<p><span style=\"color: #b82551;\"><span style=\"color: #333333;\"><strong>18:00h.<\/strong><\/span>\u00a0<strong>Clausura.<\/strong><\/span> Resumen Jornada<\/p>\n<p><span style=\"color: #800080;\"><strong>Domingo 30 de septiembre<\/strong><\/span><\/p>\n<p><span style=\"color: #b82551;\"><strong><em>Actividad de intercambio de experiencias<\/em><\/strong><\/span><\/p>\n<ul>\n<li>Dinamiza: Inmaculada Arcos. Viviendo en presente cont\u00ednuo.<\/li>\n<li>Junta Municipal del Retiro.<\/li>\n<\/ul>\n<p><strong>NOTA:<\/strong> La opci\u00f3n online s\u00f3lo con acceso a un taller por franja horaria. A las 13h: \u00ab<em>C\u00f3mo trabajar con las Administraciones P\u00fablicas<\/em>\u00ab. A las 16:30h \u00ab<em>Redes Sociales y Asociaciones de Pacientes<\/em>\u00ab.[\/vc_column_text][vc_gallery type=\u00bbimage_grid\u00bb images=\u00bb25196,25140,25168,25170,25248,25381,25388,25391,25446,25382&#8243; img_size=\u00bbmedium\u00bb title=\u00bbColaboradores\u00bb][vc_gallery type=\u00bbimage_grid\u00bb images=\u00bb25141,25142,25247&#8243; img_size=\u00bbmedium\u00bb title=\u00bbPatrocinadores\u00bb][vc_gmaps link=\u00bb#E-8_JTNDaWZyYW1lJTIwc3JjJTNEJTIyaHR0cHMlM0ElMkYlMkZ3d3cuZ29vZ2xlLmNvbSUyRm1hcHMlMkZlbWJlZCUzRnBiJTNEJTIxMW0xOCUyMTFtMTIlMjExbTMlMjExZDMwMzUuMzkzNDMwNTYyOTc3MyUyMTJkLTMuNjgwNDc0Njg1MjgwMTMxNiUyMTNkNDAuNDY2NTYwMzYwNTMyNTMlMjEybTMlMjExZjAlMjEyZjAlMjEzZjAlMjEzbTIlMjExaTEwMjQlMjEyaTc2OCUyMTRmMTMuMSUyMTNtMyUyMTFtMiUyMTFzMHhkNDIyOTNjZjIxOTkxYzElMjUzQTB4MmI4MzE5ODA5YjQ0YTUxYSUyMTJzUGFzZW8lMkJkZSUyQmxhJTJCSGFiYW5hJTI1MkMlMkIyMDglMjUyQyUyQjI4MDE2JTJCTWFkcmlkJTIxNWUwJTIxM20yJTIxMXNlcyUyMTJzZXMlMjE0djE1MzE0MTA5OTg2NzMlMjIlMjB3aWR0aCUzRCUyMjYwMCUyMiUyMGhlaWdodCUzRCUyMjQ1MCUyMiUyMGZyYW1lYm9yZGVyJTNEJTIyMCUyMiUyMHN0eWxlJTNEJTIyYm9yZGVyJTNBMCUyMiUyMGFsbG93ZnVsbHNjcmVlbiUzRSUzQyUyRmlmcmFtZSUzRQ==\u00bb title=\u00bbComplejo Deportivo y Cultural de la ONCE\u00bb][\/vc_column][\/vc_row]<\/p>\n<\/div>","protected":false},"excerpt":{"rendered":"<p>[vc_row][vc_column][vc_empty_space height=\u00bb45px\u00bb][vc_column_text] I JORNADA #LaConfeSeMueve 29 septiembre 2018 El pasado 29 de septiembre de 2018 se celebr\u00f3 la I Jornada&#8230;<\/p>\n","protected":false},"author":2,"featured_media":0,"parent":0,"menu_order":0,"comment_status":"closed","ping_status":"closed","template":"","meta":{"footnotes":""},"class_list":["post-25263","page","type-page","status-publish"],"_links":{"self":[{"href":"https:\/\/confesq.org\/index.php?rest_route=\/wp\/v2\/pages\/25263","targetHints":{"allow":["GET"]}}],"collection":[{"href":"https:\/\/confesq.org\/index.php?rest_route=\/wp\/v2\/pages"}],"about":[{"href":"https:\/\/confesq.org\/index.php?rest_route=\/wp\/v2\/types\/page"}],"author":[{"embeddable":true,"href":"https:\/\/confesq.org\/index.php?rest_route=\/wp\/v2\/users\/2"}],"replies":[{"embeddable":true,"href":"https:\/\/confesq.org\/index.php?rest_route=%2Fwp%2Fv2%2Fcomments&post=25263"}],"version-history":[{"count":9,"href":"https:\/\/confesq.org\/index.php?rest_route=\/wp\/v2\/pages\/25263\/revisions"}],"predecessor-version":[{"id":25900,"href":"https:\/\/confesq.org\/index.php?rest_route=\/wp\/v2\/pages\/25263\/revisions\/25900"}],"wp:attachment":[{"href":"https:\/\/confesq.org\/index.php?rest_route=%2Fwp%2Fv2%2Fmedia&parent=25263"}],"curies":[{"name":"wp","href":"https:\/\/api.w.org\/{rel}","templated":true}]}}

<div class="wpb-content-wrapper"><p>[vc_row][vc_column]<div id="fullwidth-block-69efe715eba14" class="fullwidth-block clearfix"  style="height: 100vh"><script type="text/javascript">if (typeof(gem_fix_fullwidth_position) == "function") { gem_fix_fullwidth_position(document.getElementById("fullwidth-block-69efe715eba14")); }</script><div class="fullwidth-block-background" style="background-image: url(https://confesq.org/wp-content/uploads/2018/10/Portada-y-Contraportada-con-logos-suavizado-1.jpg);background-repeat: no-repeat; background-size: contain;background-position: center top;"></div><div class="fullwidth-block-inner"></div></div>[vc_empty_space height=»45px»][vc_column_text]</p>
<h2 style="text-align: center;"><span style="color: #b82551;">I JORNADA #LaConfeSeMueve</span></h2>
<h3 style="text-align: center;"><span style="color: #b82551;">29 septiembre 2018</span></h3>
<p>El pasado 29 de septiembre de 2018 se celebró la I Jornada de <i>#LaConfeSeMueve,</i> que tuvo lugar en en el Complejo Deportivo y Cultural de la ONCE (Pº de la Habana 208) de Madrid a partir de las 9:30 de la mañana.</p>
<p>Consistía en un evento dirigido a equipos directivos y técnicos de asociaciones de pacientes con Fibromialgia (FM), Síndrome de Fatiga Crónica/Encefalomielitis Miálgica (SFC/EHS), Sensibilidad Química Múltiple (SQM) y Electrohipersensibilidad (EHS).</p>
<p>Durante la Jornada se abordaron temas sanitarios, así como herramientas para la gestión asociativa y la consecución de los objetivos que perseguimos como colectivo.</p>
<p>Puede leerse el contenido de la Jornada a continuación.</p>
<h2 style="text-align: center;">PROGRAMA</h2>
<div class="styled-subtitle" style="text-align: center;"><span style="color: #800000;"><strong>¡NUEVO! WEBINAR ASISTENCIA ONLINE</strong></span></div>
<p><span style="color: #800080;"><strong>Viernes 28 de septiembre</strong></span></p>
<p><span style="color: #b82551;"><span style="color: #333333;"><strong>21:00h.</strong> </span><strong><em>Cena de confraternización</em></strong></span><em> (reserva previa a través de Nautalia)</em></p>
<p><span style="color: #800080;"><strong>Sábado 29 de septiembre</strong></span></p>
<p><span style="color: #b82551;"><strong><span style="color: #333333;">09:30h.</span> Recogida de acreditaciones</strong></span></p>
<p><span style="color: #b82551;"><strong><span style="color: #333333;">10:00h.</span> Inauguración de la Jornada</strong></span></p>
<ul>
<li>Carlota Merchán.  Diputada por Madrid. Adjunta en Derechos a la Infancia. Vocal adscrita a la Comisión de Sanidad.</li>
<li>Mª José Félix, Presidenta de la Confederación.</li>
</ul>
<p><span style="color: #b82551;"><strong><span style="color: #333333;">10:30h.</span> Conferencia. Fibromialgia, SFC/EM, SQM y EHS: situación actual</strong></span></p>
<ul>
<li>Dra Ana Mª García Quintana. Médico Internista. Directora de la <a href="https://www.sfcfibromialgia.com/" target="_blank" rel="noopener">Unidad de Síndrome de Fatiga Crónica y Fibromialgia</a> de La Paloma en Madrid y MC Mutual en Barcelona.</li>
<li>Dra. Pilar Muñoz-Calero. Presidenta de la <a href="http://www.fundacion-alborada.org/" target="_blank" rel="noopener">Fundación Alborada</a>. Codirectora de la Cátedra Patología y Medio Ambiente de la Universidad Complutense de Madrid.</li>
</ul>
<p><span style="color: #b82551;"><span style="color: #333333;"><strong>11:30h</strong>.</span> <strong>Mesa de Expertos. La Confederación en otras Organizaciones de Pacientes.</strong></span></p>
<ul>
<li>Carina Escobar. <a href="http://www.plataformadepacientes.org/" target="_blank" rel="noopener">Plataforma de Organizaciones de Pacientes</a> (POP).</li>
<li>Daniel-Aníbal García. Secretario de Organización de <a href="http://www.cocemfe.es/portal/index.php/89-inicio/398-secretaria-de-organizacion-d-daniel-anibal-garcia-diego" target="_blank" rel="noopener">COCEMFE Nacional.</a></li>
<li>Antonio Camacho. Coordinador del Área Internacional de CONFESEQ (<a href="https://www.pae-eu.eu/" target="_blank" rel="noopener">Pain Alliance Europe-PAE</a>, <a href="http://enfa-europe.eu/" target="_blank" rel="noopener">ENFA</a> y <a href="https://pec.sinedolore.org/es/inicio" target="_blank" rel="noopener">PAIN EURO-MEDITERRANEAN COALLITION</a>).</li>
</ul>
<p><span style="color: #b82551;"><strong><span style="color: #333333;">12:30h.</span> <em>Descanso: zumos y snacks</em></strong></span></p>
<p><span style="color: #b82551;"><strong><span style="color: #333333;">13:00h.</span> Talleres</strong></span> (elegir uno)</p>
<ol>
<li><strong>Cómo trabajar con las administraciones públicas</strong>.</li>
</ol>
<ul>
<li>Álvaro Lavandeira. Doctor en Derecho Sanitario y Presidente de <a href="https://www.ifsasalud.com/" target="_blank" rel="noopener">IFSA Salud.</a></li>
</ul>
<ol>
<li><strong>La formación del Paciente Experto</strong></li>
</ol>
<ul>
<li>David Trigos. Representante de <a href="https://www.eupati.eu/es/" target="_blank" rel="noopener">EUPATI.</a></li>
</ul>
<p><span style="color: #b82551;"><strong><span style="color: #333333;">14:30h.</span> <em>Comida </em></strong></span><em>(no incluido: reserva previa a través de Nautalia)</em></p>
<p><span style="color: #b82551;"><span style="color: #333333;"><strong>16:30h.</strong></span>  </span><strong><span style="color: #b82551;">Talleres</span> </strong>(elegir uno)</p>
<ol>
<li><strong>Recursos para orientar a personas con SQM y EHS</strong>.</li>
</ol>
<ul>
<li>Elena Martínez-Esparza. Educadora Social de <a href="https://www.facebook.com/affac.fibroibizaformentera/" target="_blank" rel="noopener">AFFARES Ibiza-Formentera.</a></li>
<li>Cristina Cortiguera. Trabajadora Social de <a href="https://www.sfcsqm.com/" target="_blank" rel="noopener">SFC-SQM Madrid.</a></li>
</ul>
<ol>
<li><strong>Redes sociales y asociaciones para la salud </strong></li>
</ol>
<ul>
<li>Fernando Rubio. Profesor de <a href="https://aulacm.com/" target="_blank" rel="noopener">Aula CM.</a></li>
</ul>
<p><span style="color: #b82551;"><span style="color: #333333;"><strong>18:00h.</strong></span> <strong>Clausura.</strong></span> Resumen Jornada</p>
<p><span style="color: #800080;"><strong>Domingo 30 de septiembre</strong></span></p>
<p><span style="color: #b82551;"><strong><em>Actividad de intercambio de experiencias</em></strong></span></p>
<ul>
<li>Dinamiza: Inmaculada Arcos. Viviendo en presente contínuo.</li>
<li>Junta Municipal del Retiro.</li>
</ul>
<p><strong>NOTA:</strong> La opción online sólo con acceso a un taller por franja horaria. A las 13h: «<em>Cómo trabajar con las Administraciones Públicas</em>«. A las 16:30h «<em>Redes Sociales y Asociaciones de Pacientes</em>«.[/vc_column_text][vc_gallery type=»image_grid» images=»25196,25140,25168,25170,25248,25381,25388,25391,25446,25382&#8243; img_size=»medium» title=»Colaboradores»][vc_gallery type=»image_grid» images=»25141,25142,25247&#8243; img_size=»medium» title=»Patrocinadores»][vc_gmaps link=»#E-8_JTNDaWZyYW1lJTIwc3JjJTNEJTIyaHR0cHMlM0ElMkYlMkZ3d3cuZ29vZ2xlLmNvbSUyRm1hcHMlMkZlbWJlZCUzRnBiJTNEJTIxMW0xOCUyMTFtMTIlMjExbTMlMjExZDMwMzUuMzkzNDMwNTYyOTc3MyUyMTJkLTMuNjgwNDc0Njg1MjgwMTMxNiUyMTNkNDAuNDY2NTYwMzYwNTMyNTMlMjEybTMlMjExZjAlMjEyZjAlMjEzZjAlMjEzbTIlMjExaTEwMjQlMjEyaTc2OCUyMTRmMTMuMSUyMTNtMyUyMTFtMiUyMTFzMHhkNDIyOTNjZjIxOTkxYzElMjUzQTB4MmI4MzE5ODA5YjQ0YTUxYSUyMTJzUGFzZW8lMkJkZSUyQmxhJTJCSGFiYW5hJTI1MkMlMkIyMDglMjUyQyUyQjI4MDE2JTJCTWFkcmlkJTIxNWUwJTIxM20yJTIxMXNlcyUyMTJzZXMlMjE0djE1MzE0MTA5OTg2NzMlMjIlMjB3aWR0aCUzRCUyMjYwMCUyMiUyMGhlaWdodCUzRCUyMjQ1MCUyMiUyMGZyYW1lYm9yZGVyJTNEJTIyMCUyMiUyMHN0eWxlJTNEJTIyYm9yZGVyJTNBMCUyMiUyMGFsbG93ZnVsbHNjcmVlbiUzRSUzQyUyRmlmcmFtZSUzRQ==» title=»Complejo Deportivo y Cultural de la ONCE»][/vc_column][/vc_row]</p>
</div>

<p>[vc_row][vc_column][vc_empty_space height=»45px»][vc_column_text] I JORNADA #LaConfeSeMueve 29 septiembre 2018 El pasado 29 de septiembre de 2018 se celebró la I Jornada&#8230;</p>
