{"id":24946,"date":"2018-07-05T07:34:42","date_gmt":"2018-07-05T07:34:42","guid":{"rendered":"http:\/\/confederacionssc.es\/?page_id=24946"},"modified":"2019-02-12T16:22:41","modified_gmt":"2019-02-12T16:22:41","slug":"meet-our-team-03-2-2","status":"publish","type":"page","link":"https:\/\/confesq.org\/?page_id=24946","title":{"rendered":"Fibromialgia"},"content":{"rendered":"<div class=\"wpb-content-wrapper\"><p>[vc_row css=\u00bb.vc_custom_1530698774481{margin-bottom: 0px !important;padding-bottom: 0px !important;}\u00bb el_class=\u00bbno-paddings\u00bb][vc_column][rev_slider_vc alias=\u00bbfibromialgia\u00bb][\/vc_column][\/vc_row][vc_row full_width=\u00bbstretch_row_content\u00bb equal_height=\u00bbyes\u00bb css=\u00bb.vc_custom_1468838183811{margin-bottom: 0px !important;padding-bottom: 0px !important;}\u00bb el_class=\u00bbno-paddings\u00bb][vc_column css=\u00bb.vc_custom_1530698992229{padding-right: 65px !important;padding-left: 100px !important;background-color: #f0f3f2 !important;}\u00bb offset=\u00bbvc_col-lg-12 vc_col-md-1&#8243;]<div class=\"clearboth\"><\/div><style>#thegem-divider-69d32b9cc01dc {margin-top: 32px !important;}<\/style><div id=\"thegem-divider-69d32b9cc01dc\" class=\"gem-divider  \" style=\"\" ><\/div>[vc_column_text]<\/p>\n<div class=\"title-h2\"><span class=\"light\" style=\"color: #3c3950;\">\u00bfQU\u00c9 ES LA FIBROMIALGIA?<\/span><\/div>\n<p>[\/vc_column_text][vc_column_text]La Fibromialgia es una enfermedad que se caracteriza por la existencia de dolor cr\u00f3nico, principalmente del aparato locomotor, generalizado, difuso, sin lesi\u00f3n org\u00e1nica aparente y que puede acompa\u00f1arse de otros s\u00edntomas.<\/p>\n<p>Est\u00e1 codificada por la OMS en el CIE10 M79.0.[\/vc_column_text]<div class=\"gem-icon-with-text gem-icon-with-text-icon-size-small\" ><div style=\"margin-bottom:0px;padding-left: Causa:px;margin-top:0px; \" class=\"gem-icon-with-text-icon\"><div class=\"gem-icon gem-icon-pack-elegant gem-icon-size-small  gem-icon-shape-square gem-simple-icon \"  style=\"opacity: 1;\"><div class=\"gem-icon-inner\" style=\"\"><span class=\"gem-icon-half-1\" style=\"color: #aa0b50;\"><span class=\"back-angle\">&#xe04a;<\/span><\/span><span class=\"gem-icon-half-2\" style=\"color: #aa0b50;\"><span class=\"back-angle\">&#xe04a;<\/span><\/span><\/div><\/div><\/div><div class=\"gem-icon-with-text-content\" ><div class=\"gem-icon-with-text-text\">[vc_column_text]CAUSA:<\/p>\n<p>Se desconoce la causa, aunque se han encontrado alteraciones gen\u00e9ticas, neurofisiol\u00f3gicas, psicol\u00f3gicas y en los sistemas nervioso aut\u00f3nomo, endocrino e inmunol\u00f3gico, que producen una alteraci\u00f3n de la percepci\u00f3n y de la modulaci\u00f3n del dolor.[\/vc_column_text]<\/div><\/div><div class=\"clearboth\"><\/div><\/div><div class=\"gem-icon-with-text gem-icon-with-text-icon-size-small\" ><div style=\"margin-bottom:0px;padding-left: Causa:px;margin-top:0px; \" class=\"gem-icon-with-text-icon\"><div class=\"gem-icon gem-icon-pack-elegant gem-icon-size-small  gem-icon-shape-square gem-simple-icon \"  style=\"opacity: 1;\"><div class=\"gem-icon-inner\" style=\"\"><span class=\"gem-icon-half-1\" style=\"color: #aa0b50;\"><span class=\"back-angle\">&#xe04a;<\/span><\/span><span class=\"gem-icon-half-2\" style=\"color: #aa0b50;\"><span class=\"back-angle\">&#xe04a;<\/span><\/span><\/div><\/div><\/div><div class=\"gem-icon-with-text-content\" ><div class=\"gem-icon-with-text-text\">[vc_column_text]POBLACI\u00d3N AFECTADA:<\/p>\n<p>Se calcula que la presentan aproximadamente el 2,4% de la poblaci\u00f3n general mayor de 20 a\u00f1os, lo que supone aproximadamente 700.000 pacientes en Espa\u00f1a.[\/vc_column_text]<\/div><\/div><div class=\"clearboth\"><\/div><\/div><div class=\"gem-icon-with-text gem-icon-with-text-icon-size-small\" ><div style=\"margin-bottom:0px;padding-left: Causa:px;margin-top:0px; \" class=\"gem-icon-with-text-icon\"><div class=\"gem-icon gem-icon-pack-elegant gem-icon-size-small  gem-icon-shape-square gem-simple-icon \"  style=\"opacity: 1;\"><div class=\"gem-icon-inner\" style=\"\"><span class=\"gem-icon-half-1\" style=\"color: #aa0b50;\"><span class=\"back-angle\">&#xe04a;<\/span><\/span><span class=\"gem-icon-half-2\" style=\"color: #aa0b50;\"><span class=\"back-angle\">&#xe04a;<\/span><\/span><\/div><\/div><\/div><div class=\"gem-icon-with-text-content\" ><div class=\"gem-icon-with-text-text\">[vc_column_text]PERFIL DE LOS PACIENTES:<\/p>\n<p>Afecta principalmente a adultos entre 40 y 50 a\u00f1os, aunque tambi\u00e9n puede darse en ni\u00f1os y ancianos o a cualquier edad, siendo 21 veces m\u00e1s frecuente en las mujeres.[\/vc_column_text]<\/div><\/div><div class=\"clearboth\"><\/div><\/div><div class=\"gem-icon-with-text gem-icon-with-text-icon-size-small\" ><div style=\"margin-bottom:0px;padding-left: Causa:px;margin-top:0px; \" class=\"gem-icon-with-text-icon\"><div class=\"gem-icon gem-icon-pack-elegant gem-icon-size-small  gem-icon-shape-square gem-simple-icon \"  style=\"opacity: 1;\"><div class=\"gem-icon-inner\" style=\"\"><span class=\"gem-icon-half-1\" style=\"color: #aa0b50;\"><span class=\"back-angle\">&#xe04a;<\/span><\/span><span class=\"gem-icon-half-2\" style=\"color: #aa0b50;\"><span class=\"back-angle\">&#xe04a;<\/span><\/span><\/div><\/div><\/div><div class=\"gem-icon-with-text-content\" ><div class=\"gem-icon-with-text-text\">[vc_column_text]S\u00cdNTOMAS:<\/p>\n<p>Es una enfermedad que se caracteriza por dolor cr\u00f3nico generalizado, pero adem\u00e1s, entre otros, aparecen s\u00edntomas como:<\/p>\n<ul>\n<li>Fatiga intensa.<\/li>\n<li>Alteraciones del sue\u00f1o.<\/li>\n<li>\u00abHormiguillos\u00bb o calambres en extremidades.<\/li>\n<li>Depresi\u00f3n.<\/li>\n<li>Ansiedad.<\/li>\n<li>Rigidez matinal.<\/li>\n<li>Cefaleas.<\/li>\n<li>Sensaci\u00f3n de tumefacci\u00f3n en manos.<\/li>\n<li>Mareos.<\/li>\n<li>Sequedad de ojos y boca.<\/li>\n<li>Fibroniebla o falta de concentraci\u00f3n.<\/li>\n<\/ul>\n<p>[\/vc_column_text]<\/div><\/div><div class=\"clearboth\"><\/div><\/div><div class=\"gem-icon-with-text gem-icon-with-text-icon-size-small\" ><div style=\"margin-bottom:0px;padding-left: Causa:px;margin-top:0px; \" class=\"gem-icon-with-text-icon\"><div class=\"gem-icon gem-icon-pack-elegant gem-icon-size-small  gem-icon-shape-square gem-simple-icon \"  style=\"opacity: 1;\"><div class=\"gem-icon-inner\" style=\"\"><span class=\"gem-icon-half-1\" style=\"color: #aa0b50;\"><span class=\"back-angle\">&#xe04a;<\/span><\/span><span class=\"gem-icon-half-2\" style=\"color: #aa0b50;\"><span class=\"back-angle\">&#xe04a;<\/span><\/span><\/div><\/div><\/div><div class=\"gem-icon-with-text-content\" ><div class=\"gem-icon-with-text-text\">[vc_column_text]ASOCIACI\u00d3N CON OTRAS ENFERMEDADES:<\/p>\n<p>En ocasiones se puede asociar con el S\u00edndrome de Fatiga Cr\u00f3nica, la Disfunci\u00f3n Temporomandibular, el S\u00edndrome del Intestino Irritable, el S\u00edndrome de Dolor Miofascial, el S\u00edndrome de Piernas Inquietas, el S\u00edndrome de M\u00faltiple Sensibilidad Qu\u00edmica o la Migra\u00f1a.[\/vc_column_text]<\/div><\/div><div class=\"clearboth\"><\/div><\/div><div class=\"gem-icon-with-text gem-icon-with-text-icon-size-small\" ><div style=\"margin-bottom:0px;padding-left: Causa:px;margin-top:0px; \" class=\"gem-icon-with-text-icon\"><div class=\"gem-icon gem-icon-pack-elegant gem-icon-size-small  gem-icon-shape-square gem-simple-icon \"  style=\"opacity: 1;\"><div class=\"gem-icon-inner\" style=\"\"><span class=\"gem-icon-half-1\" style=\"color: #aa0b50;\"><span class=\"back-angle\">&#xe04a;<\/span><\/span><span class=\"gem-icon-half-2\" style=\"color: #aa0b50;\"><span class=\"back-angle\">&#xe04a;<\/span><\/span><\/div><\/div><\/div><div class=\"gem-icon-with-text-content\" ><div class=\"gem-icon-with-text-text\">[vc_column_text]EVOLUCI\u00d3N Y PRON\u00d3STICO:<\/p>\n<p>La evoluci\u00f3n suele ser cr\u00f3nica y los s\u00edntomas fundamentales permanecen en el tiempo, aunque en algunas series de pacientes un 5% de los casos presentan remisi\u00f3n a los tres a\u00f1os.<\/p>\n<p>La edad joven, la ausencia de alteraciones psicol\u00f3gicas y las menores alteraciones del sue\u00f1o se consideran factores de mejor pron\u00f3stico.[\/vc_column_text]<\/div><\/div><div class=\"clearboth\"><\/div><\/div><div class=\"gem-icon-with-text gem-icon-with-text-icon-size-small\" ><div style=\"margin-bottom:0px;padding-left: Causa:px;margin-top:0px; \" class=\"gem-icon-with-text-icon\"><div class=\"gem-icon gem-icon-pack-elegant gem-icon-size-small  gem-icon-shape-square gem-simple-icon \"  style=\"opacity: 1;\"><div class=\"gem-icon-inner\" style=\"\"><span class=\"gem-icon-half-1\" style=\"color: #aa0b50;\"><span class=\"back-angle\">&#xe04a;<\/span><\/span><span class=\"gem-icon-half-2\" style=\"color: #aa0b50;\"><span class=\"back-angle\">&#xe04a;<\/span><\/span><\/div><\/div><\/div><div class=\"gem-icon-with-text-content\" ><div class=\"gem-icon-with-text-text\">[vc_column_text]DIAGN\u00d3STICO:<\/p>\n<p>El diagn\u00f3stico es cl\u00ednico, no existiendo ninguna prueba espec\u00edfica. Se utilizan los criterios del Colegio Americano de Reumatolog\u00eda basados en la existencia de dolor generalizado y continuo de m\u00e1s de 3 meses de duraci\u00f3n, junto con dolor a la palpaci\u00f3n en al menos 11 de los 18 puntos gatillo descritos.[\/vc_column_text]<\/div><\/div><div class=\"clearboth\"><\/div><\/div><div class=\"gem-icon-with-text gem-icon-with-text-icon-size-small\" ><div style=\"margin-bottom:0px;padding-left: Causa:px;margin-top:0px; \" class=\"gem-icon-with-text-icon\"><div class=\"gem-icon gem-icon-pack-elegant gem-icon-size-small  gem-icon-shape-square gem-simple-icon \"  style=\"opacity: 1;\"><div class=\"gem-icon-inner\" style=\"\"><span class=\"gem-icon-half-1\" style=\"color: #aa0b50;\"><span class=\"back-angle\">&#xe04a;<\/span><\/span><span class=\"gem-icon-half-2\" style=\"color: #aa0b50;\"><span class=\"back-angle\">&#xe04a;<\/span><\/span><\/div><\/div><\/div><div class=\"gem-icon-with-text-content\" ><div class=\"gem-icon-with-text-text\">[vc_column_text]TRATAMIENTO:<\/p>\n<p>Actualmente no existe ning\u00fan tratamiento farmacol\u00f3gico espec\u00edfico s\u00f3lo se recetan algunos medicamentos como antiepil\u00e9pticos, antidepresivos y relajantes musculares o analg\u00e9sicos.<\/p>\n<p>En el tratamiento no farmacol\u00f3gico es adecuado el ejercicio f\u00edsico en agua climatizada, la terapia cognitivo-conductual , relajaci\u00f3n y pasear entre otros, manteniendo siempre una alimentaci\u00f3n adecuada.[\/vc_column_text]<\/div><\/div><div class=\"clearboth\"><\/div><\/div><div class=\"gem-icon-with-text gem-icon-with-text-icon-size-small\" ><div style=\"margin-bottom:0px;padding-left: Causa:px;margin-top:0px; \" class=\"gem-icon-with-text-icon\"><div class=\"gem-icon gem-icon-pack-elegant gem-icon-size-small  gem-icon-shape-square gem-simple-icon \"  style=\"opacity: 1;\"><div class=\"gem-icon-inner\" style=\"\"><span class=\"gem-icon-half-1\" style=\"color: #aa0b50;\"><span class=\"back-angle\">&#xe04a;<\/span><\/span><span class=\"gem-icon-half-2\" style=\"color: #aa0b50;\"><span class=\"back-angle\">&#xe04a;<\/span><\/span><\/div><\/div><\/div><div class=\"gem-icon-with-text-content\" ><div class=\"gem-icon-with-text-text\">[vc_column_text]C\u00d3MO MEJORAR:<\/p>\n<p>Para mejorar, el enfermo debe aceptar su enfermedad e implicarse en el manejo de la misma, conociendo tanto la enfermedad como los recursos disponibles en su entorno.[\/vc_column_text]<\/div><\/div><div class=\"clearboth\"><\/div><\/div>[vc_column_text]Puedes encontrar\u00a0 informaci\u00f3n m\u00e1s completa sobre la Fibromialgia en estos documentos:[\/vc_column_text][vc_btn title=\u00bbFibromialgia- Ministerio de Sanidad\u00bb style=\u00bb3d\u00bb color=\u00bbpurple\u00bb align=\u00bbcenter\u00bb link=\u00bburl:https%3A%2F%2Fconfesq.org%2Fwp-content%2Fuploads%2F2019%2F01%2Ffibromialgia.pdf|title:Fibromialgia-%20Ministerio%20de%20Sanidad|target:%20_blank|\u00bb][vc_btn title=\u00bbProtocolo de valoraci\u00f3n\u00bb style=\u00bb3d\u00bb color=\u00bbpurple\u00bb align=\u00bbcenter\u00bb link=\u00bburl:https%3A%2F%2Fconfesq.org%2Fwp-content%2Fuploads%2F2019%2F02%2F0877_Melendez.pdf|title:Protocolo%20de%20valoraci%C3%B3n|target:%20_blank|\u00bb]<div class=\"clearboth\"><\/div><style>#thegem-divider-69d32b9cc0649 {margin-top: 52px !important;}<\/style><div id=\"thegem-divider-69d32b9cc0649\" class=\"gem-divider  \" style=\"\" ><\/div><div class=\"clearboth\"><\/div><style>#thegem-divider-69d32b9cc065d {margin-top: 52px !important;}<\/style><div id=\"thegem-divider-69d32b9cc065d\" class=\"gem-divider  \" style=\"\" ><\/div>[\/vc_column][\/vc_row]<\/p>\n<\/div>","protected":false},"excerpt":{"rendered":"<p>[vc_row css=\u00bb.vc_custom_1530698774481{margin-bottom: 0px !important;padding-bottom: 0px !important;}\u00bb el_class=\u00bbno-paddings\u00bb][vc_column][rev_slider_vc alias=\u00bbfibromialgia\u00bb][\/vc_column][\/vc_row][vc_row full_width=\u00bbstretch_row_content\u00bb equal_height=\u00bbyes\u00bb css=\u00bb.vc_custom_1468838183811{margin-bottom: 0px !important;padding-bottom: 0px !important;}\u00bb el_class=\u00bbno-paddings\u00bb][vc_column css=\u00bb.vc_custom_1530698992229{padding-right: 65px !important;padding-left: 100px&#8230;<\/p>\n","protected":false},"author":2,"featured_media":0,"parent":0,"menu_order":0,"comment_status":"closed","ping_status":"closed","template":"","meta":{"footnotes":""},"class_list":["post-24946","page","type-page","status-publish"],"_links":{"self":[{"href":"https:\/\/confesq.org\/index.php?rest_route=\/wp\/v2\/pages\/24946","targetHints":{"allow":["GET"]}}],"collection":[{"href":"https:\/\/confesq.org\/index.php?rest_route=\/wp\/v2\/pages"}],"about":[{"href":"https:\/\/confesq.org\/index.php?rest_route=\/wp\/v2\/types\/page"}],"author":[{"embeddable":true,"href":"https:\/\/confesq.org\/index.php?rest_route=\/wp\/v2\/users\/2"}],"replies":[{"embeddable":true,"href":"https:\/\/confesq.org\/index.php?rest_route=%2Fwp%2Fv2%2Fcomments&post=24946"}],"version-history":[{"count":9,"href":"https:\/\/confesq.org\/index.php?rest_route=\/wp\/v2\/pages\/24946\/revisions"}],"predecessor-version":[{"id":25964,"href":"https:\/\/confesq.org\/index.php?rest_route=\/wp\/v2\/pages\/24946\/revisions\/25964"}],"wp:attachment":[{"href":"https:\/\/confesq.org\/index.php?rest_route=%2Fwp%2Fv2%2Fmedia&parent=24946"}],"curies":[{"name":"wp","href":"https:\/\/api.w.org\/{rel}","templated":true}]}}